sor of g and 96?
12
Suppose -k + 1 = -2, 2*b + 2*k = 2. Let p be (60/(-8))/(1/b). Let w(n) = 23*n - 10. Let u be w(5). Calculate the greatest common factor of u and p.
15
Let p be -10*(-1)/((-5)/(-22)). Suppose -4*h + p = 12. Let l = 1139 - 1138. Calculate the greatest common divisor of l and h.
1
Let u be (2 + -2)/(-4 - -3). Let j be (-5 - (2 - 9)) + (78 - u). Calculate the greatest common divisor of j and 32.
16
Let w be ((-8)/3)/((-17)/5508*6). Calculate the greatest common factor of 120 and w.
24
Let h = -1586 - -1659. Calculate the greatest common divisor of h and 657.
73
Let v = -23 + 35. Suppose -5*g - 230 = -2*j, 4 = 2*g + v. Calculate the highest common factor of 21 and j.
21
Let v(l) = -3*l - 7. Let p be v(-5). Suppose 0*a - a = -3. Suppose 2*o - 42 = -4*z + 4*o, 4*z - 47 = a*o. Calculate the greatest common factor of z and p.
8
Let f be 18 - (-6 - (-65)/5). Calculate the highest common factor of f and 176.
11
Let x(b) = -b**3 - 11*b**2 + 15*b + 2. Let z be x(-13). Suppose 60 = -z*t + 150*t. Calculate the greatest common factor of t and 192.
12
Suppose 0 = 3*d - 2*x - 202, -4*d = 5*x - 800 + 477. Let w = 36 + -18. Calculate the greatest common factor of w and d.
18
Let h be 490 + -1 + (-6)/(-9)*3. Suppose 50 - h = -7*m. Calculate the highest common factor of m and 9.
9
Suppose 0 = -4*s + 6*s. Suppose s = 2*b + 16 - 156. Suppose -4*g - d - 50 = -7*g, -5*d = 5*g - b. What is the greatest common divisor of 16 and g?
16
Let z(p) = -3*p**2 + 22*p + 27. Let v(o) = -o**2 + 11*o + 13. Let h(c) = 5*v(c) - 2*z(c). Let i be h(-11). What is the greatest common factor of 187 and i?
11
Let v(o) = o**3 - 3*o**2 - 11*o - 48. Let a be v(12). What is the highest common factor of 72 and a?
36
Let u be (8/(-10))/2 - 16351/(-415). Calculate the greatest common divisor of 13 and u.
13
Let o be (-6)/18*(2 + -17). Suppose -34 = -o*b + 1. Suppose 2*v + b = 5*y, 3 = -v + 3*y - 3. Calculate the greatest common factor of 1 and v.
1
Let t = -1212 + 1232. Let f(n) = -49*n**3 - 2*n - 1. Let q be f(-1). What is the highest common divisor of q and t?
10
Let s(m) = m**3 + 15*m**2 + 27*m + 5. Let w be s(-13). Let j(d) = -3*d - 22. Let q be j(w). What is the greatest common factor of q and 8?
2
Let q = -5904 + 6300. Let b(m) = -6*m + 6. Let a be b(-5). What is the highest common factor of q and a?
36
Let u be (-3)/3 - (-1 + 3). Let j be (-112)/1*(u + 2). Let l be 1/(-3) - 86/(-6). What is the greatest common divisor of j and l?
14
Let n = -48 + 50. Suppose n*s - 67 - 63 = 0. Suppose -4*a - 2*k = -100, 4*a + 3*k = 94 + 4. What is the greatest common factor of a and s?
13
Let f be 691 - ((-40)/220)/(3/(-33)). What is the greatest common factor of f and 106?
53
Let c = 43 - 29. Let y be 103/7 + 4/c. Suppose 11*w = 6*w + 2*u + 235, -5*w - 3*u + 210 = 0. What is the highest common factor of w and y?
15
Suppose 2*r + 4*b = 3*b + 293, 0 = -5*r + 5*b + 695. Calculate the highest common factor of 54 and r.
18
Suppose -2*v - 426 = -468. Let d(a) = -a**3 + 8*a**2 + 3*a - 6. Let z be d(6). Calculate the greatest common divisor of v and z.
21
Suppose 3*n - 17 = -5. Let z be n/(-10) - (-22)/5. Calculate the highest common divisor of z and 44.
4
Suppose 3 + 2 = h. Suppose 5*b + h*l - 580 = l, -2*l + 10 = 0. What is the highest common divisor of 16 and b?
16
Let t = -407 + 473. What is the highest common divisor of t and 18?
6
Suppose 5*g - 85 = -5*d, 4*d - 2*g - 34 = 4. What is the greatest common divisor of 78 and d?
6
Suppose -3113 = -84*a + 11539 - 1800. Suppose -3*u + 30 = -21. Calculate the greatest common factor of a and u.
17
Suppose 4*d = -4*l + 256, -4*d + l = -14 - 217. Suppose 5*r + 81 = 4*w - d, w + 3*r - 18 = 0. Calculate the highest common divisor of w and 80.
10
Let z be (-5 - 1)/(2/(-21)). Suppose 26 = x - 4*a, 0*x - 4*a + 58 = x. What is the highest common divisor of x and z?
21
Suppose -100*m + 3320 = -90*m. What is the greatest common divisor of m and 8?
4
Suppose 23*t = 1560 + 556. What is the greatest common divisor of t and 115?
23
Let d = 41 - -99. What is the highest common divisor of d and 40?
20
Suppose -4*j + 3*j + 192 = 0. Suppose 3*t - j = -0*t. Let a = 889 + -881. What is the greatest common divisor of t and a?
8
Let s be ((-4161)/(-342))/(1/6). What is the highest common factor of s and 3577?
73
Let v = 25 + -21. Let l(c) = 5*c. Let z be l(2). Suppose 4*p - z = 30. What is the highest common factor of v and p?
2
Let q be -3*((-20)/12 - 4). Suppose 5*r = 98 + q. Calculate the highest common factor of 23 and r.
23
Suppose 0 = -8*x + 213 + 67. Suppose -2*p + 7 = -x. What is the highest common divisor of 168 and p?
21
Let p(n) = 2*n**3 + 27*n**2 + 15*n + 30. Let f be p(-13). Suppose -f*g + 4*z + 552 = 0, -15 = 5*z - 0*z. What is the greatest common divisor of 5 and g?
5
Suppose -9*p = -3*p + 30. Let o(k) = -5*k - 17. Let x be o(p). Calculate the highest common factor of 16 and x.
8
Let u(c) = 20*c**2 + 10*c - 75. Let k be u(-8). What is the greatest common factor of 45 and k?
45
Let a(y) = y**2 - 15*y + 14. Let c be a(14). Let j be c + 3 - 649/(-11). What is the highest common divisor of j and 31?
31
Suppose -11*q + 60 = -402. Calculate the greatest common factor of 1134 and q.
42
Let o(w) = 2*w**2 + 3*w + 3. Let i be 44/(-12) - 2/(-3). Let x be o(i). Suppose -7*y - x = -11*y. What is the highest common divisor of 27 and y?
3
Suppose -4*c = 2*m + 8, 0 = 4*m - 0*c + 2*c - 2. Let h = 5 + m. Let j = 15 - -13. Calculate the greatest common factor of j and h.
7
Suppose 87 = 3*b - 3*l, -2*l + 5 = -3*l. Suppose -12 - 28 = -3*r - 2*n, n + 4 = 0. Suppose 38*y - 37*y - r = 0. What is the greatest common factor of b and y?
8
Let m be (48/(-18))/(1/(-117)). What is the highest common factor of 104 and m?
104
Let v = 830 + -790. What is the greatest common factor of 55 and v?
5
Let h(n) = -39*n - 337. Let y be h(-9). What is the greatest common divisor of y and 7?
7
Let i(v) be the second derivative of 7*v**3/3 - 7*v**2/2 - 3*v. Let w be i(3). Suppose 4*b = w - 7. What is the highest common divisor of 63 and b?
7
Let v be 32/(-40)*(-45)/2. Calculate the greatest common factor of 558 and v.
18
Suppose -3*v + 13 = 1. Suppose v*d - 968 = -0*d. What is the greatest common divisor of 22 and d?
22
Let p = 343 + -119. Suppose 222 = -d + p. What is the highest common divisor of 54 and d?
2
Suppose 5*j - 130 = -3*w, -41*w = -5*j - 36*w + 130. What is the highest common divisor of j and 91?
13
Suppose 3*h = 6*h - 2*y - 815, -4*y - 4 = 0. Suppose 9*z - h = -55. Let v = 19 - 7. What is the greatest common divisor of z and v?
12
Let x be (1 + -4)/(3/(-57)). Suppose -b - 7*b + 72 = 0. Suppose -q + 10 = q, 0 = -u + 2*q + b. What is the highest common factor of u and x?
19
Let s(d) = 4*d**2 + 10*d + 88. Let u be s(-6). What is the greatest common divisor of 129 and u?
43
Suppose 4*m + 12 = -0*m. Let j(p) = -5*p - 3. Let t be j(m). Let r(b) = -b**2 - 128*b - 2163. Let q be r(-21). What is the highest common factor of q and t?
12
Let a be (-34 + 1)*-3*1. Let y be 1*8*(-4)/(-8). Suppose -y*j = -4, -j - 29 - 14 = -4*u. What is the greatest common factor of u and a?
11
Suppose -4*d + 13908 = 4*o, -5*o = -2*d + 5994 - 23393. Calculate the greatest common divisor of o and 49.
49
Let o(p) = p**3 + 33*p**2 + 93*p + 98. Let r be o(-30). Calculate the highest common divisor of 324 and r.
4
Suppose 13*o - 176 = 12*o - 2*v, o = 2*v + 192. What is the highest common divisor of o and 230?
46
Suppose -x + 5*x = 44. Suppose -2*w = 5*m - m - 16, -w = 3*m - x. Suppose 0 = -w*t + 94 + 18. Calculate the greatest common factor of t and 14.
14
Let d be ((-1)/(-3))/(-1 + (-74)/(-72)). Suppose -10*m = -d*m + 10. Calculate the greatest common factor of m and 1.
1
Let t(f) = 4*f**2 + 6*f - 6. Suppose -5 = -4*p + 7. Let k be t(p). Suppose 0 = -3*n - 15, 0*n = 4*a + 3*n - 33. Calculate the highest common factor of k and a.
12
Suppose 0 = -2*g - 1 + 9. Suppose -5*v + 484 = 6*v. What is the greatest common factor of v and g?
4
Let n be 2/(-4)*(-1 - 3) - -1. What is the highest common factor of n and 666?
3
Let g(q) be the first derivative of 2*q**3/3 + q**2/2 + 6*q + 4. Let d be g(-3). Let h = 81 - d. Calculate the greatest common factor of 30 and h.
30
Let i be (-338)/(-12) - 6/36. Suppose 0*t - t + i = 0. Wha